(8).
16
Let a(r) = r**3 - 7*r**2 - 3*r - 5. Calculate a(7).
-26
Let f(c) = 41*c - 40. What is f(1)?
1
Let z(r) = r**2 - 9*r + 8. What is z(9)?
8
Let j(c) = c - 8. Give j(0).
-8
Let u(y) = 2*y**3 - 43*y**2 + 21*y + 11. Determine u(21).
11
Let m(r) = 3*r + 1. Determine m(7).
22
Let r(h) = h + 33. Calculate r(-14).
19
Let b(l) = -29*l - 143. Give b(-6).
31
Let r(b) = b**3 - 7*b**2 + 4*b + 14. Determine r(6).
2
Let v(b) = 3*b**2 + b - 4. Determine v(-3).
20
Let q(c) = -2*c - 14. Determine q(-6).
-2
Let w(i) = 2*i**2 - 10*i + 5. Determine w(3).
-7
Let v(w) = w**2 + 3*w. Calculate v(3).
18
Let i(w) = -8*w - 7. What is i(-3)?
17
Let k(j) = j**2 - 47*j - 1011. Determine k(-16).
-3
Let n(o) = -o**2 - 16*o - 23. Determine n(-14).
5
Let s(i) = -12*i - 123. What is s(-14)?
45
Let p(k) = k**2 + 5*k + 29. Calculate p(-6).
35
Let h(x) = -18*x + 96. What is h(6)?
-12
Let c(w) = 2*w**2 - 9*w + 2. Give c(8).
58
Let j(k) = k**3 - 32*k**2 + 30*k + 74. Give j(31).
43
Let q(v) = 2*v**2 + 5*v + 6. What is q(-3)?
9
Let w(n) = -n**3 + 9*n**2 + 3*n - 3. What is w(9)?
24
Let t(r) = r**3 - 24*r**2 - 30*r + 136. What is t(25)?
11
Let n(i) = i**3 + 7*i**2 + 5*i + 73. Calculate n(-7).
38
Let y(j) = -j**3 + 19*j**2 - 19*j + 47. What is y(18)?
29
Let s(t) = t**3 + 4*t**2 + 9*t - 1. Calculate s(-3).
-19
Let y(d) = -4*d - 16. What is y(-3)?
-4
Let h(a) = -a**3 - 7*a**2 + 5*a + 6. What is h(-4)?
-62
Let g(w) = 23*w - 349. Give g(15).
-4
Let y(t) = 16*t + 92. What is y(-6)?
-4
Let o(l) = 4*l**2 - 15*l + 34. Determine o(7).
125
Let r(f) = f**3 + 30*f**2 - 67*f - 87. Determine r(-32).
9
Let x(p) = -p**3 - 16*p**2 - 16*p - 15. Determine x(-15).
0
Let r(k) = k**3 + 3*k**2 - 2*k - 2. Calculate r(3).
46
Let g(x) = -x - 16. What is g(-16)?
0
Let q(w) = -w - 12. Calculate q(9).
-21
Let h(y) = -y**3 + y**2 - y. What is h(0)?
0
Let d(c) = -c**2 + 3*c + 8. Determine d(3).
8
Let a(d) = d**3 - d**2 - 2*d + 1. Give a(-2).
-7
Let i(w) = -w - 30. Determine i(-16).
-14
Let f(z) = 3*z**3 + 37*z**2 + 14*z + 29. Determine f(-12).
5
Let h(i) = 15*i - 70. Calculate h(5).
5
Let a(s) = -s**2 - 13*s + 52. Calculate a(-16).
4
Let u(w) = 14*w - 29. What is u(4)?
27
Let i(o) = 5*o**2 - 7*o - 11. What is i(-2)?
23
Let y(f) = f**2. What is y(2)?
4
Let q(g) = 5*g + 34. What is q(-8)?
-6
Let i(f) = f**3 - 4*f**2 - 12*f + 2. Determine i(6).
2
Let i(q) = 13*q + 3. Give i(1).
16
Let j(f) = f**3 - 6*f**2 - 7*f - 4. Calculate j(7).
-4
Let x(i) = i**3 + 15*i**2 + 14*i. Give x(-14).
0
Let i(k) = k**2 - 8*k - 14. What is i(9)?
-5
Let w(k) = -3*k**2 - 18*k + 8. Calculate w(0).
8
Let o(b) = -b + 1. Give o(13).
-12
Let q(s) = -s**3 - 4*s**2 + s. What is q(-3)?
-12
Let j(d) = 4*d + 36. Determine j(-11).
-8
Let y(c) = -13*c. What is y(-1)?
13
Let q(m) = 7*m + 52. Give q(-13).
-39
Let j(a) = a**3 - 14*a**2 - 16*a + 6. What is j(15)?
-9
Let i(h) = -h**2 + 10*h - 2. Give i(7).
19
Let j(u) = 2*u + 20. Determine j(-12).
-4
Let q(z) = -2*z - 13. Give q(-3).
-7
Let u(m) = 7*m + 25. Give u(-3).
4
Let t(x) = x**2 + 8*x + 6. What is t(-5)?
-9
Let p(k) = 2*k**3 - 36*k**2 + 37*k - 56. Calculate p(17).
-5
Let z(y) = y + 8. Give z(-12).
-4
Let j(m) = -14*m**2. What is j(-1)?
-14
Let i(a) = -a**3 + 5*a**2 + 3*a - 6. What is i(5)?
9
Let q(x) = -3*x**2 + 30*x + 21. Determine q(11).
-12
Let k(r) = 6*r + 2. Give k(5).
32
Let f(r) = 3*r - 5. What is f(3)?
4
Let k(r) = -r**3 + 5*r**2 + 6*r - 12. Determine k(6).
-12
Let r(w) = -32*w**3 - 3*w**2 - w. Calculate r(-1).
30
Let u(n) = 2*n + 1. Calculate u(8).
17
Let q(k) = k**3 - 5*k**2 + k + 10. Calculate q(5).
15
Let t(g) = 2*g**2 - 19*g. Determine t(14).
126
Let s(h) = 2*h. Determine s(1).
2
Let m(s) = -10*s**2 + 24*s - 3. Give m(2).
5
Let i(c) = c + 8. Give i(-11).
-3
Let m(s) = -s**2 - 7*s + 25. Calculate m(-10).
-5
Let h(x) = -x**3 - 3*x**2 - 6*x - 4. Determine h(-3).
14
Let c(k) = 2*k**3 - 13*k**2 - k + 1. Determine c(5).
-79
Let d(v) = 24*v + 308. Calculate d(-13).
-4
Let y(p) = p + 18. Give y(-6).
12
Let m(f) = -f**3 - 13*f**2 - 15*f - 24. Determine m(-12).
12
Let j(g) = g**2 + 25*g - 11. What is j(-21)?
-95
Let j(h) = h**3 - 10*h**2 - h + 4. Give j(10).
-6
Let a(h) = -h**3 - 7*h**2 - h - 3. Give a(-7).
4
Let t(p) = -p**2 - 12*p - 1. Calculate t(-5).
34
Let s(q) = 9*q - 42. Calculate s(18).
120
Let s(t) = t**2 - 17*t + 19. Give s(16).
3
Let g(c) = 3*c**2 + 5*c + 1. What is g(-4)?
29
Let s(g) = -g**2 - 21*g + 200. Determine s(-28).
4
Let t(y) = y**3 + 20*y**2 - 2*y - 7. Calculate t(-20).
33
Let o(s) = -s**2 - 3*s - 3. Calculate o(-4).
-7
Let t(w) = -4*w + 19. What is t(-10)?
59
Let t(r) = -r**3 + 6*r**2 + 20*r - 10. What is t(5)?
115
Let x(v) = -v**3 - 7*v**2 + 4*v - 6. Determine x(-7).
-34
Let w(z) = -z**2 - 19*z + 65. What is w(-22)?
-1
Let m(y) = -y**2 + y + 24. Give m(0).
24
Let l(f) = 2*f**3 - 6*f**2 + 2*f - 7. What is l(3)?
-1
Let r(c) = 35*c + 67. What is r(-2)?
-3
Let w(l) = -7*l - 11. What is w(12)?
-95
Let g(l) = 4*l**2 + 7*l. Determine g(1).
11
Let t(u) = -u**2 + 14*u + 19. Give t(16).
-13
Let p(c) = 6*c + 94. Calculate p(-15).
4
Let v(l) = -l**3 + 25*l**2 - 10*l + 256. Give v(25).
6
Let d(y) = -y**3 + 12*y**2 + 32*y - 48. What is d(14)?
8
Let p(u) = u**2 - 10*u - 7. Calculate p(12).
17
Let m(u) = 3*u**2 + 10*u + 8. Determine m(-5).
33
Let p(k) = 2*k**2 + k - 13. Give p(-4).
15
Let a(s) = -3*s**2 + 7*s - 2. Calculate a(3).
-8
Let v(r) = -4*r - 5. Give v(-9).
31
Let y(f) = -2*f**3 + 10*f**2 - 11*f - 2. Calculate y(2).
0
Let b(q) = -q**2 - 4. Determine b(5).
-29
Let j(w) = -w**3 + 25*w**2 + 59*w - 142. Calculate j(27).
-7
Let h(w) = -11*w - 20. Determine h(-7).
57
Let q(v) = -v**3 - 2*v**2 - 2*v + 21. Determine q(-5).
106
Let h(g) = -2*g**2 - 8*g - 1. Give h(-5).
-11
Let j(r) = r**2 - 8*r + 15. What is j(6)?
3
Let b(o) = -30*o + 90. Give b(3).
0
Let m(a) = -a**3 - 3*a**2 + 17*a + 3. Give m(-7).
80
Let d(k) = k**3 - k**2 - 16*k + 20. What is d(6)?
104
Let g(a) = -a**3 + 6*a - 1. Give g(-3).
8
Let m(q) = -7*q**2 - 2*q + 1. Determine m(1).
-8
Let n(q) = -q**3 + 10*q**2 - 12*q + 11. Determine n(8).
43
Let w(z) = -166*z - 507. Give w(-3).
-9
Let g(c) = 3*c**2 + 9*c + 16. Determine g(-2).
10
Let n(j) = -3*j**3 - j**2 + j + 1. What is n(-1)?
2
Let i(j) = -j**2 - 6*j - 12. What is i(-5)?
-7
Let p(i) = -i**2 - 17*i - 13. Calculate p(-13).
39
Let r(j) = -j**3 + 11*j**2 + 12*j - 37. Give r(11).
95
Let w(n) = n**3 - 9*n**2 + 7*n + 7. Determine w(8).
-1
Let f(d) = -d**3 - 6*d**2 + 3*d + 12. Determine f(-6).
-6
Let z(b) = -6*b - 3. Determine z(8).
-51
Let q(l) = 16*l + 48. Determine q(-3).
0
Let z(c) = -c**2 - c + 14. What is z(-9)?
-58
Let p(r) = -2*r + 4. Give p(0).
4
Let m(n) = -n**3 + 42. Calculate m(0).
42
Let v(m) = -m - 49. Determine v(-37).
-12
Let l(y) = y**2 - 32*y + 66. Determine l(30).
6
Let q(l) = 2*l**2 + 56*l + 53. Give q(-27).
-1
Let j(t) = -t**2 + t - 11. Determine j(0).
-11
Let r(i) = -53*i**2 - 1. Calculate r(1).
-54
Let u(k) = -9*k + 20. Give u(-6).
74
Let n(i) = i**2 + 8*i + 5. What is n(-7)?
-2
Let v(j) = -j**2 - 32*j - 236. Determine v(-14).
16
Let a(c) = c**2 + 3*c - 2. Calculate a(-6).
16
Let r(v) = v**3 + 19*v**2 + 46*v - 13. Calculate r(-16).
19
Let u(i) = 8*i + 7. Calculate u(-6).
-41
Let r(m) = -m**2 - m + 6. Determine r(-6).
-24
Let k(i) = -11*i - 90. What is k(-8)?
-2
Let a(o) = -10*o + 8. What is a(4)?
-32
Let z(q) = 3*q**2 - 5*q + 1. Calculate z(1).
-1
Let c(k) = -7*k**3 - 4*k**2 - 3*k - 1. Determine c(-2).
45
Let n(f) = -f**3 + 6*f + 4. Calculate n(4).
-36
Let w(h) = -h**2 + 18*h - 34. What is w(16)?
-2
Let t(b) = -b**3 - 5*b**2 + 6*b + 6. What is t(-6)?
6
Let s(m) = m**2 + 9*m + 2. Give s(-7).
-12
Let h(u) = 2*u**2 - 23*u - 7. Determine h(11).
-18
Let g(z) = -z**3 - 9*z**2 - 20*z - 11. Determine g(-7).
31
Let h(j) = -33*j. Give h(2).
-66
Let k(w) = 3*w**2 + w + 6. Calculate k(-4).
50
Let n(b) = 31*b**2 + 2*b + 2. Calculate n(-1).
31
Let d(t) = t**2 - 3*t - 30. What is d(-5)?
10
Let p(n) = 3*n - 27. What is p(11)?
6
Let c(n) = -8*n**2 - 6*n - 16. What is c(-3)?
-70
Let g(a) = a**2 - 7*a + 11. Calculate g(5).
1
Let s(h) = -3*h**3 - 42*h**2 - h - 19. Give s(-14).
-5
Let a(f) = 12*f + 4. What is a(-1)?
-8
Let o(k) = -k**3 - 9*k**2 + 10*k + 10. Give o(-10).
10
Let m(n) = -6*n + 3. Determine m(-3).
21
Let v(u) = -u**3 - 3*u**2 - u. Determine v(-3).
3
Let k(i) = -2